its digit of q?
6
Let i(u) = -u**3 - 6*u**2 + 7*u - 8. Let s be i(-7). Let r(n) = -n**3 - 8*n**2 - n + 4. What is the units digit of r(s)?
2
Let z be 2/5 + (-190)/(-25). Suppose z = 4*l - 2*l. What is the units digit of l?
4
Let t be 86/3 + (-6)/9. Suppose 3*b = j - t, 2*j - 2*b - 92 = -2*j. What is the units digit of j?
2
Suppose 4*p + 71 = 275. What is the units digit of p?
1
Let b = 108 - 72. What is the tens digit of b?
3
Suppose 0 = -2*h + 6, -2*h = 5*y - 7 - 4. Let g = 13 + y. What is the tens digit of g?
1
Suppose 2*f + 4*i = -16, -2*f - i = -0*i + 4. What is the tens digit of -3 + -28*(f + -1)?
2
Suppose -2*l + 3*u = -u + 32, 66 = -5*l + 3*u. What is the units digit of 3/18 - 22/l?
2
Let b(x) = 10*x - 6 - 5*x - 16*x. What is the tens digit of b(-3)?
2
Suppose 7 = -i - 4*i - 4*y, -10 = 5*i + 5*y. What is the units digit of i?
1
Suppose -15*j + 12*j + 237 = 0. What is the units digit of j?
9
Suppose -4 + 12 = 4*p. Suppose -15 = -3*m - p*m. Suppose m = 3*u - 0. What is the units digit of u?
1
Suppose 0 = -5*p + 2*p - 4*x + 124, 4*p + x = 174. What is the units digit of p?
4
Let w(p) = p**2 + 2*p - 1. Let d be w(-3). Suppose d*m = 9 + 1. Suppose 3*b - 32 = 2*g - 4, -m*b = g - 38. What is the units digit of b?
8
Let o = 110 + -42. What is the units digit of o?
8
Let y(b) = -b + 2. Let q be y(0). Suppose -q*r = -0*r - 18. What is the units digit of r?
9
Let k be ((-32)/10)/(12/(-30)). Suppose 0 = -k*u + 4*u + 84. What is the units digit of u?
1
Let b = 7 + -3. Suppose z - b = 1. What is the units digit of z?
5
Let r(j) = 4*j**2 - 3*j. Let v be r(2). Suppose -v = -2*a - 24. What is the units digit of a*(3 - (-93)/(-21))?
0
Let o be (48/(-9))/(-4)*-3. Let f be (-2)/o*(-100)/(-2). Suppose -2*v = 5*k - v - 10, 5*v + f = 0. What is the units digit of k?
3
Suppose s = -0*s + 3. Suppose 95 = 5*p + s*q, -5*p + 0*q + 75 = -q. What is the units digit of p?
6
What is the units digit of 21/14 + (-117)/(-6)?
1
Suppose -24 + 9 = -3*o. Suppose -m - 160 = -o*m. What is the units digit of m?
0
What is the units digit of (-5)/(-20) + (-30)/(-8)?
4
Suppose 50 = 5*o - 5*q, -q = -1 + 5. What is the units digit of o?
6
Suppose v + 31 = -0*q + 2*q, -2*q - 2*v = -34. Let l = -5 + q. Let d = l + -6. What is the units digit of d?
5
Suppose 0 = -0*x - 3*x + 4*q + 19, 4*x = 4*q + 28. What is the units digit of x?
9
What is the units digit of 2138/18 - 1/(45/(-10))?
9
Let g(p) = -9*p - 15 + 15 - p**2. Let d = -15 - -7. What is the units digit of g(d)?
8
Let u be -1 + -5*(-3)/3. Let h be u/14 + 12/7. Suppose -3*v = h - 26. What is the units digit of v?
8
Let h(a) = 2*a**3 + 3*a**2 + a - 2. Let y be h(-2). Let n = -2 - y. Suppose -3*b + 3 = 2*z - n, -b - 2*z + 7 = 0. What is the units digit of b?
1
Let v(z) = -z**2 - 5*z - 3. Let q be v(-6). Let y = -5 - q. What is the units digit of y?
4
Let t be ((-24)/15)/(4/(-10)). Suppose 2*i - 5*j + 28 = t*i, 2*j = -8. Suppose -3*b - 6 = -i. What is the units digit of b?
6
Let k(g) = 3*g - 5. Let c(b) = -14*b + 24. Let f(q) = -2*c(q) - 11*k(q). What is the tens digit of f(-5)?
3
Suppose 7*p - 30 = 2*p. Let d be (p/(-5))/(4/(-10)). Suppose q = -4*w + 3*q + 28, 12 = d*w + 3*q. What is the units digit of w?
6
Suppose 0 = -4*a + a + 6, -3*a = -2*w - 2. Suppose -w*k = -2 - 2. Suppose -p + k*p = 3. What is the units digit of p?
3
Let u be (-63)/(-4) + 1/4. Let a be (-7)/7 + (3 - 12). Let v = u + a. What is the units digit of v?
6
What is the units digit of (1 - -1)/((-12)/(-366))?
1
Suppose u = -h + 214, -2*h = -8*u + 3*u - 421. What is the units digit of h?
3
Suppose -y = -4*x + 2*y + 103, 2*x + y - 59 = 0. What is the units digit of x?
8
Let y = -7 + -10. Let d = 8 + y. What is the units digit of -1 - (d/1 + 3)?
5
What is the tens digit of (-106)/((-1 - -2) + -3)?
5
Let y = -12 - -8. Let q be 16/(-12)*6/y. Suppose 0 = 2*k + q*k - 8. What is the units digit of k?
2
What is the units digit of -4*(-2)/6 - 2200/(-24)?
3
Suppose -u = -4 + 2. Let s(f) = 2*f**2 - 3*f + 5. What is the units digit of s(u)?
7
Let u = -32 - -36. What is the units digit of u?
4
Suppose t - 5*t = 0. Suppose w - 31 + 0 = t. What is the units digit of w?
1
Suppose 0 = -f - 4, 2*k + 2*f - 5 = 59. Let l = 70 - k. What is the tens digit of l?
3
What is the tens digit of 177 - (-1 + (1 - -2))?
7
Let p(n) = -2*n - 1. Let g be p(1). Let q = 5 + g. What is the units digit of q?
2
Let p = 1 + 1. Let l be (4/(-12))/(p/(-114)). Let g = 37 - l. What is the tens digit of g?
1
What is the units digit of 4/(-10) - (-32)/5?
6
Let c(f) = -2*f + 1. Let j be c(1). What is the units digit of (-4 - 10)*j/2?
7
What is the tens digit of 476/21 - 1/(-3)?
2
Let n = -3 - -10. Let v(l) = l**2 - 6*l - 3. What is the units digit of v(n)?
4
Let o = 24 - 1. What is the tens digit of o?
2
Let u be (-1 + -2)*2/1. Let w = u - -6. Suppose -4*p + 3*d + 55 = 0, w = -3*d - 0*d - 15. What is the units digit of p?
0
Let a be 2/(5/(225/(-6))). What is the units digit of ((-2)/5)/(1/a)?
6
Suppose -7*i = -14*i + 763. What is the units digit of i?
9
Let r(n) = 4 + n - 3*n - n. Let a be r(-3). Suppose 3*j = -v + a - 3, -4*j = -2*v. What is the units digit of j?
2
Let j be (-1)/1 + -2 + 3. Suppose j = -f - 1 + 15. Suppose -5*k + 2*l + f = -l, 5*k + 7 = -4*l. What is the units digit of k?
1
Let b be 24/9 + 2/6. Suppose h + 35 = 5*g - 4*h, -b*g + 35 = 4*h. What is the units digit of g?
9
Let x = -56 + 17. Let g = x + 55. What is the units digit of g?
6
Suppose -4*f + 29 + 14 = -3*z, -3*f + 34 = -4*z. Suppose -f = -2*y + 8. What is the units digit of y?
9
Suppose 5 = k - 1. What is the tens digit of (-22)/(-3)*9/k?
1
Suppose 3*w = w + 18. What is the units digit of w?
9
Suppose -39 = -2*f + 3*y - 8, y = -3*f + 41. What is the tens digit of f?
1
Let s be (1/2 + 2)*2. Suppose 75 + 25 = s*o. Suppose -3*h - 15 = -r, 0*r = 2*r - h - o. What is the units digit of r?
9
Let h(y) = 7*y**2 + 1. Let k be h(-1). Let f(m) = -m**2 + 9*m + 3. What is the tens digit of f(k)?
1
Let x(j) = 15*j + 16. What is the units digit of x(5)?
1
Suppose 0*s - 4*s - 8 = 0. Let b = s + -1. What is the units digit of 1/b + (-25)/(-3)?
8
Suppose n + 2 = -n. Let g(y) = 13*y**2 - y. Let d be g(n). Suppose 2*o + 5*q = -13, o + o - 4*q = d. What is the units digit of o?
1
Let b = -21 + 39. Let v(s) = -s**3 - 5*s**2 - 5*s - 1. Let q be v(-4). Suppose -b = -q*z + z. What is the units digit of z?
9
Let w(k) be the second derivative of 37*k**4/12 + k**3/3 + k**2/2 + 2*k. Let y be w(-1). Let s = y - 25. What is the units digit of s?
1
Let x(p) = 6*p**3 - 5*p**2 + 4*p - 7. What is the tens digit of x(3)?
2
Suppose -3*f + 3*p = -0 + 12, -2*f - 5*p = 1. Let g(q) = -2*q. What is the units digit of g(f)?
6
Let i be (5/5)/(2/6). Suppose 1 + i = s. What is the units digit of s?
4
Let a be (-3)/(-15) - 14/(-5). Suppose -a*d + 11 = -2*d. Suppose d + 5 = 4*w. What is the units digit of w?
4
Suppose -z = -4*t - 3*z + 46, -4*t + 41 = z. Suppose -2*u = -3*d + t + 22, -4*d + 5*u + 39 = 0. What is the units digit of d?
1
Let n = 96 - 68. Suppose -4*f - 2*s + n = -6*s, 5*f - 47 = -s. What is the units digit of f?
9
Let h(p) = p**2 + 11*p + 10. Let l be h(-8). Let z = 15 + l. What is the units digit of z?
1
Let m(r) = r**2 - 6*r - 1. Let p be m(5). Let j(i) be the first derivative of i**4/4 + 7*i**3/3 + 2*i**2 - 5*i + 2. What is the units digit of j(p)?
7
Let t(z) = z**2 - 8*z + 5. Let p be t(8). Suppose -72 = k - p*k. What is the tens digit of k?
1
Let u(o) = o**3 - 5*o**2 - 2*o - 1. Let y be u(5). Let x(d) = -d**3 - 11*d**2 + 10. What is the units digit of x(y)?
0
Suppose -3*y = -9 - 6. Suppose -y*r = -0*r - 10. What is the units digit of r?
2
Let c = -13 + 21. Suppose -2*o = 4*t - c, 0*o + o + 4 = 0. What is the units digit of t?
4
Let w(d) = d**2 + 3*d - 7. What is the units digit of w(-5)?
3
What is the tens digit of 18/(-12)*128/(-6)?
3
Let p(z) = -z - 1. Suppose 3*n + w = 3*w + 10, -n + w + 3 = 0. Suppose -n*b - 18 = -2*b. What is the units digit of p(b)?
8
Suppose z + 0 = 4. Suppose z*y - 16 = 0, 2*s = -y + 3 + 13. What is the units digit of s?
6
Let b be 18/4 + 3/(-6). Let u(g) = -4*g + b*g**2 + 3 + 0 + 1 - g**3. What is the units digit of u(3)?
1
Suppose -104 = -4*u + 2*u. Suppose s + r - u = 6*r, 2*s - 5*r = 79. What is the tens digit of s?
2
What is the un